 -4*k - 5*k**2 + 1 + 6*k**2 + 3*k - 2*k**n. Determine f(-4).
-11
Let o(v) = v**3 - 6*v**2 + 7. Let r = 1926 - 1921. Calculate o(r).
-18
Let z(l) be the first derivative of -l**5/60 - l**4/4 + l**3/3 - 57*l**2/2 + 40. Let a(t) be the second derivative of z(t). Determine a(-5).
7
Let h be 4/(-16) - 14/8. Let i(c) = 2*c**2 + 6*c - 1. Let x(r) = 5*r**2 + 14*r - 3. Let s(z) = 7*i(z) - 3*x(z). Calculate s(h).
-2
Let a(b) = -4*b - 4. Let i be ((0/(-3))/(-5))/(-2 + 3). Suppose i = -8*l + 2*l + 18. Give a(l).
-16
Let y(c) be the second derivative of -c**5/20 + 7*c**2 + 36*c. Give y(0).
14
Let n(p) = -p - 4. Let w(m) = -m - 1. Suppose -7*d = -13*d - 6. Let v(a) = d*n(a) - w(a). Determine v(6).
17
Let d(b) be the third derivative of -b**6/40 + b**4/24 - 3*b**2 - 57*b. Let s be 4/2 + -3*1. Calculate d(s).
2
Let d(i) = -i**3 + i - 4. Suppose 0 = 18*g - 17*g. Let l be d(g). Let m(r) = -r**2 - 7*r - 6. Give m(l).
6
Let g(n) = -n**3 - 2*n**2 + 3*n - 13. Let q(b) = 6*b**3 + 11*b**2 - 17*b + 65. Let p(f) = 11*g(f) + 2*q(f). What is p(0)?
-13
Let f(a) = -64*a + 28*a + 48*a - 3. Determine f(3).
33
Let z(l) be the second derivative of l**5/20 - 5*l**4/12 + l**3/2 - 3*l**2/2 + l. Let y be 38*(28/(-8) - -4). Let v = y - 14. Give z(v).
12
Let n(j) = -16*j + 1. Let m = -832 - -831. Calculate n(m).
17
Let t be (-1)/(3/(-12)) + (-3 - 0). Suppose 3 = -4*b + 3*h, 0*b = 3*b - 4*h + 4. Let y(c) = -t + c + b - 2*c. What is y(-6)?
5
Let v(g) = -286*g**2 + 144*g**2 - 5 - 13*g + 141*g**2 + 5 - 3. Determine v(-9).
33
Let k(t) = -11*t**2 + 9*t + 8. Let a(m) = 3 + 4*m + 1 - 2*m**2 - m**2 - 2*m**2. Let n(l) = -13*a(l) + 6*k(l). Determine n(5).
-19
Let n(t) = 19*t**2 - 2*t + 2. Suppose 2*u = -4*a - 14, -18 = 2*u - 9*a + 14*a. Calculate n(u).
19
Let v(i) = -i + 2. Let f be v(11). Let z = -6 - f. Let c(k) = -k**2 + 6*k - 3. Let r(g) = -g**2 + 6*g - 2. Let h(m) = z*c(m) - 2*r(m). Determine h(6).
-5
Let x(v) = -v + 5. Suppose -u + 4*a - 8 = 3*u, -3*u = 5*a + 6. Let i be 0/(u*2/(-4)). Suppose -b - 4*b = i. Calculate x(b).
5
Let a(d) be the third derivative of -d**5/60 - 2*d**4/3 - 11*d**3/3 - 358*d**2. Give a(-15).
-7
Let a(x) = -2*x**3 - 92 - x**2 - 4*x**2 + 97 - 6*x + 3*x**3. Suppose 0 = -0*n - 5*n + 30. Suppose -n*m = -2*m - 24. Calculate a(m).
5
Let k(a) = -a - 4. Suppose -52*o + 40*o + 60 = 0. Give k(o).
-9
Let h(j) = -2*j - 5. Let r(k) = k**3 - 6*k**2 + 6*k - 9. Let f be r(5). Let g be ((-48)/20)/(f/10). Calculate h(g).
-17
Let s(o) = 12*o - 3. Let m(u) = -11*u + 4. Let t(a) = -2*m(a) - 3*s(a). Suppose 45*r - 24 + 69 = 0. Determine t(r).
15
Let k(y) be the first derivative of -1/4*y**4 - y**3 - y**2 - 3*y + 12. Determine k(-2).
-3
Let q(h) = 11*h - 6*h - 5*h + 29 - h**2 + h. What is q(5)?
9
Let x(q) = 52 - 61 + 4*q + 0*q. Calculate x(8).
23
Let d(i) = 2*i**2 - 9*i - 9. Suppose 15 = 5*p + 10*f - 5*f, 11 = p - f. Suppose -p*h + 63 = 2*h. What is d(h)?
26
Suppose -7*v + 2*v - 26 = 4*u, -v + 3*u + 10 = 0. Let z(p) = p**3 + 3*p**2 + 3*p + 3. Give z(v).
1
Let v(f) be the third derivative of -5*f**4/24 - 4*f**3/3 + 238*f**2. What is v(-2)?
2
Let y(u) = 5*u**3 - 3*u**3 + 9*u - 24*u + 14*u + 7*u**3. Let x(p) = -14*p - 2. Let j(v) = 5*v + 1. Let a(l) = 17*j(l) + 6*x(l). Let d be a(-6). Determine y(d).
-8
Suppose 0*u - 18 = -3*u. Let i(k) = -7*k - k + u*k + 0*k - 5. Determine i(-4).
3
Let o(r) = 64*r**3 - 2*r**2 + 1. Let j be ((-7)/(-21))/(12/(-36)). Determine o(j).
-65
Let w(b) = b - 18. Suppose -95*i + 101*i - 48 = 0. Determine w(i).
-10
Let t be (6/(-4)*(-6)/(-3))/(-1). Suppose t*d = -4*b + 7*b + 24, -5*d - 3*b = -8. Let s(g) = -g**2 + 4*g - 6. Calculate s(d).
-6
Let f(v) = 5*v**3 - 3*v**2 - 2*v - 3. Let k(w) = 4*w**3 - 4*w**2 - w - 4. Let j(u) = 3*f(u) - 4*k(u). Let r = -293 + 300. What is j(r)?
-7
Let y(c) = -2*c**2 + 9*c. Let z be y(4). Let g(t) be the first derivative of t**3/3 + 4*t + 11. Calculate g(z).
20
Let b = 169/68 + -38/17. Let n(w) be the first derivative of w - w**2 + 2/3*w**3 - 4 + b*w**4. Determine n(1).
2
Let o(r) = -4*r**2 - 4*r - 2. Suppose -5*h + 0*a - 12 = -3*a, 5*h - 5*a = -10. Determine o(h).
-26
Let r(y) = 9*y**3 - 17*y**2 - 21*y + 14. Let i(s) = 4*s**3 - 8*s**2 - 10*s + 7. Let w be -1*(3 + (4 - 0)). Let a(p) = w*i(p) + 3*r(p). What is a(6)?
-1
Let n(z) = z**2 - 8*z + 17. Let f be n(7). Let g(u) = -4 - 9*u**2 - 5 - 5*u + f*u**2. Give g(7).
5
Suppose 0 = 28*i - 16*i + 132. Let o(u) = u**2 + 9*u + 12. Give o(i).
34
Let a(r) be the third derivative of r**9/60480 + r**8/5040 - r**7/1008 + 7*r**6/720 + r**5/12 - 9*r**2. Let y(w) be the third derivative of a(w). Give y(-5).
7
Let o(d) be the third derivative of d**8/6720 + d**7/360 + 7*d**6/720 + d**4/2 + 6*d**2. Let n(y) be the second derivative of o(y). Determine n(-6).
-6
Let t(k) = k**3 - 4*k**2 - k + 5. Suppose -20 = -0*m - 5*m. Let n be t(m). Let l(w) = 5*w**2 - 1. Determine l(n).
4
Let c(w) = 6*w. Let l be c(1). Let f = -17 - -12. Let r(t) = -t**3 + t + 1. Let k(h) = -4*h**3 - 7*h**2 + 11*h + 5. Let v(d) = f*r(d) + k(d). Give v(l).
0
Let s(r) = -12 - 6 + 24 - 10*r - 8. What is s(-1)?
8
Let t(q) = -q - 11. Let g be t(-6). Let w = g - -6. Let s(x) = -4*x - x + x - x**3 - w + 4*x**2. Give s(3).
-4
Let i(p) = -2*p**2 - 2*p - 1. Let n(o) = -3*o + 84. Let f be n(29). What is i(f)?
-13
Let j(f) = -f**3 - f**2 - 1. Let h(b) = -14*b**3 - 2*b**2 + 2*b - 1. Let u(a) = h(a) - 2*j(a). Let d = -50 - -49. What is u(d)?
11
Let y(g) = -7*g + 22. Let z(p) = p**3 - 17*p**2 - 25*p + 133. Let t be z(18). What is y(t)?
-27
Let w(g) = g**3 - 7*g**2 + 4*g + 5. Suppose 3*v - 16 = a - 1, -2*v + 5 = a. Suppose s - 21 = -v*x - 2*s, -2*s - 32 = -5*x. Give w(x).
-7
Let g(d) = 2*d - 1. Suppose 4*s - 21 = -k, k + 2*k - 24 = s. Give g(k).
17
Suppose -20 = -h - h. Let k be 2 - (h + -2 + 0). Let g(z) = z - 142 - 147 + 291. Determine g(k).
-4
Let d(p) be the third derivative of p**6/120 - p**5/10 + p**4/24 + p**3/3 - 16*p**2 - 3. Calculate d(5).
-18
Let l = -251 - -247. Let o(i) = -i**2 - 4*i - 1. Determine o(l).
-1
Let n(w) = -3 - 2 + 3*w + 2. Let r(f) = -f**3 + 8*f**2 + 8*f - 16. Let h be r(8). Suppose h = 7*s + 5*s. Give n(s).
9
Suppose 12 - 6 = 2*f. Suppose -3*l = 5*p + 12 + 34, 4*l + f*p + 43 = 0. Let j(b) = b**2 + 9*b + 8. Determine j(l).
-6
Let s(w) = -9*w + 7. Suppose 172*z + 4*a = 176*z - 32, 12 = -4*a. Give s(z).
-38
Suppose 14*l = 17*l + 51. Let h(y) = y + 20. What is h(l)?
3
Let m(c) = -4*c**3 + c**2 + c + 13. Let h(b) = b**3 + b**2 + b - 2. Let f(k) = 5*h(k) + m(k). Calculate f(-4).
11
Let l(z) = -4*z**2 - 5*z + 4. Let r(b) = 3*b**2 + 3*b - 3. Let a(f) = -2*l(f) - 3*r(f). Suppose 3*m - 2*m + 4*s + 12 = 0, 12 = 5*m - 4*s. Calculate a(m).
1
Let o(s) = -2*s**3 + 2*s - 5*s - 1263*s**2 + 1259*s**2 - 7 + s**3. Give o(-4).
5
Let n(u) = -u**2 - 5*u + 3. Let o = 426 + -433. Determine n(o).
-11
Let c(v) be the first derivative of -3*v**2/2 + 2*v - 614. Give c(-6).
20
Let h = 73 - 77. Let z(n) be the first derivative of n**2 + 2*n + 2. What is z(h)?
-6
Let z(l) = -1 + 51*l - 13*l - 15*l - 21*l. Calculate z(-1).
-3
Let p(d) = 2*d**2 - 3. Let v = 361 + -201. Let c = 164 - v. Give p(c).
29
Let l(t) = 2*t**3 + t + 1. Suppose -31 = 34*y + 3. Determine l(y).
-2
Let u = -1 - 24. Let b = u + 27. Suppose -x = 4*x + b*i - 11, -2*i = 4*x - 8. Let t(c) = 2*c. Calculate t(x).
6
Let t(j) = j**2 + 7*j + 17. Let k(n) = n**3 + 3*n**2 - 10*n - 5. Let w be k(-5). Calculate t(w).
7
Suppose -3*s - 1 = f + f, 4*s - f = -16. Let k(v) = -v - 1. Give k(s).
2
Let s(x) = x**3 + 7*x**2 - 4*x. Let b(q) = -q**3 - 12*q**2 + 5*q + 1. Let n(g) = -2*b(g) - 3*s(g). Suppose -i - 10 = -6*i. Give n(i).
6
Let f(u) = u**3 + 7*u**2 + 2*u + 6. Let c = 539 - 543. Determine f(c).
46
Suppose -3*d = -c + 2 - 12, 2*c - 2*d + 8 = 0. Let p = 5 + c. Let t(s) = -4*s**2 + 0*s + 5*s + 8 + 0*s**2 - 13 + 3*s**2. Give t(p).
-1
Suppose -2*p = x - 10 - 3, -3*p + 2*x + 30 = 0. Let j = p + -13. Let a(g) = g - 2. Give a(j).
-7
Let r(g) = 6*g + 10. Let b(l) = 3*l + 6. Let p(i) = -10*b(i) + 6*r(i). Determine p(2).
12
Suppose -g - 5*x + 12 = 0, 5*g - 5*x = -0*x. Let c(i) = 8 - i + 0*i + g - 3. What is c(6)?
1
Let d(k) = 7 + 97*k - 38*k - 28*k - 34*k. What is d(14)?
-35
Suppose u - 13 = -5*i - 0*u, 0 = -5*u + 15. Let w(v) = -3*v + 10*v + 3 - 5 + 0 - v**i. Determine w(7).
-2
Let x(g) = -7*g - 4. Let o(z) = 